*b + 22. Let g(w) = 4*o(w) - 5*t(w). Calculate g(6).
-30
Suppose 140*r + 645 = -1875. Let b(p) = p**3 + 17*p**2 - 12*p + 105. Give b(r).
-3
Let f = -180 + 189. Let s(w) = -616*w + 614*w - 10 + f. Give s(-4).
7
Suppose 3*t = r - 27, 0 = 8*t - 17 + 73. Let j(u) = u**3 - 5*u**2 + 2*u - 14. Give j(r).
34
Let t(s) = -4*s - 50. Let o = -4444 + 4430. What is t(o)?
6
Let v(d) = 6*d + 15. Let n be (-147)/(-21) + (-4 - (-4)/10*-5). What is v(n)?
21
Let y(u) = u**2 + 101*u + 385. Let m be y(-4). Let x(n) = 3*n**2 - 2*n - 5. Calculate x(m).
28
Let k(d) = 0 + 1 + d**2 - 9*d**3 + 6*d**3 + 2*d - 12*d**3. Let i = 13 - 19. Let g be 3/i + (-2)/4. Give k(g).
15
Let t(d) = 54*d - 3403. Let i be t(63). Let v(x) = 11*x**3 + 2*x**2 + 8*x + 8. Calculate v(i).
-9
Let r = -6 + 8. Let s(j) be the third derivative of j**6/60 - j**5/30 + 3*j**2 - 6*j + 984. Calculate s(r).
8
Let v be 10/3 + 2/3. Let x(z) = -56*z + 1. Let p(y) = 288*y - 4. Let u(j) = -p(j) - 5*x(j). Calculate u(v).
-33
Suppose -91 + 89 = -r. Let c(d) = -14 - 16 + d**r + 26. Let j be (-2)/(-8) - (-45)/12. Determine c(j).
12
Let t(c) = -c**3 - 13*c**2 - 11*c + 5. Let z = -1250 - -792. Let l = z - -446. Give t(l).
-7
Let v(o) = 4*o + 2. Suppose 3*p = 9, 0 = -2*t - 2*p + 3*p + 7. Let c be 840/(-25) + 3/t. Let u = c + 31. What is v(u)?
-6
Let p(c) = 11*c**3 + 55*c**2 + 63*c + 71. Let o(m) = 4 + 42*m + 11 + 7*m**3 + 39 - 7 + 37*m**2. Let h(n) = -8*o(n) + 5*p(n). What is h(-20)?
-1
Let f(y) = y**2 + 7*y + 2. Suppose 11*z = -3 + 36. Let t be 14*(z - (-49)/(-14)). Determine f(t).
2
Let j(h) = -h**2 - 9*h. Let v(l) = l**2 + 12*l + 32. Suppose -8*y = -9*y - 7. Let z(p) = p**3 + 8*p**2 + 6*p - 13. Let x be z(y). Let q be v(x). Calculate j(q).
20
Suppose 32*o = -18*o - 12000. Let n = o - -235. Let b(t) = 2*t**2 + 6*t - 2*t**2 + t**2 + 4. Give b(n).
-1
Let s(y) be the third derivative of -y**6/120 - y**5/15 + y**4/4 + y**3/3 + 2*y**2. Let j(h) = 28*h + 2*h - 14*h + 0*h + 219. Let n be j(-14). Give s(n).
-3
Let h = 236 - 74. Let p(c) = 168*c + c**2 - 324*c + h*c + 1. Give p(-4).
-7
Suppose -3*d + 2*j = -12, -11 = -5*d - 4*j + 9. Let v(f) = -3*f - d + 6*f - 2*f - 2*f. Calculate v(3).
-7
Let i(f) = -3*f**2 - 4*f - 3. Let u be (-6)/2 + 12 + -2. Let y(p) = -5*p**2 - 8*p - 5. Let m(q) = u*i(q) - 4*y(q). Suppose 8*w = -13*w + 26*w - 15. Give m(w).
2
Let q(b) = b**2 + 3*b - 1. Let s(c) = 4*c**2 - 4*c + 5. Let z = 432 + -433. Let t(o) = z*s(o) + 3*q(o). Calculate t(12).
4
Let y(z) = 3*z + 1. Let q = -136 - -138. Let f(x) = 2*x + 4. Let c(t) = q*f(t) - 3*y(t). Determine c(4).
-15
Let w be 0/(-2) - (-6 + -3). Let f(n) = 38*n - 10 - 15*n - 10*n - 12*n. Calculate f(w).
-1
Let s be 90/(10/(-6) + 2/3). Let a be ((-40)/(-14))/(s/315). Let d(p) = p**3 + 9*p**2 - 8*p. What is d(a)?
-20
Let z(b) be the first derivative of 2*b**3/3 + 19*b**2/2 - 10*b + 1261. Give z(-10).
0
Let a(d) = -10 + 0*d**2 + 7*d + 7*d**2 - 6*d**2 + 8. Let z = -243 - -236. Give a(z).
-2
Let j(l) = 15*l - 37. Suppose -498*o + 1586 = -11 - 893. Calculate j(o).
38
Let g = 4488 + -4494. Let i(c) = -2*c**2 - 13*c. Determine i(g).
6
Let n(l) = 5*l**3 - 19*l**2 + 8*l - 32. Suppose 6*g - 95 = -29. Let k(o) = -3*o + 6*o**2 + 2*o**3 - 9*o**3 + 5*o**3 + g. Let j(t) = 8*k(t) + 3*n(t). Give j(-9).
-8
Let f(u) = -2*u - 77. Let r(j) = -3*j - 116. Let a(x) = -7*f(x) + 5*r(x). Let m be a(-14). Let t = 19 + m. Let o(w) = -w + 2. Determine o(t).
10
Let y(b) be the third derivative of b**4/6 + 37*b**3/6 + 2*b**2 + 152. Give y(16).
101
Let q = 1 - 0. Let s be (4 - 1)*q*-1. Let g(d) be the second derivative of -d**5/20 - d**4/6 - 2*d**2 + 2*d + 15556. Give g(s).
5
Let v(h) be the second derivative of h**4/6 + 13*h**3/6 + 9*h**2/2 - 310*h. Give v(-9).
54
Let d(c) = c**3 + 4*c**2 - 5*c - 6. Suppose 4*k + k = 5. Suppose -2*b + o = -5, b - k = 2*o - 3. Suppose -5*h = -3*y + b*y, 4*h = -3*y - 11. Determine d(y).
-6
Suppose -3*j + 346 = -4*i, i - 3 = -1. Let h = j + -123. Let t(v) = v**2 + 3*v + 2. Give t(h).
12
Suppose -4*l - 53 = -3*u - 3*l, -41 = -u + 5*l. Let h be (-28)/u - (-4)/(-16). Let n(a) be the first derivative of a**4 + a**3 - 132. Determine n(h).
-20
Let p(o) be the second derivative of o**5/20 - 2*o**4/3 + 5*o**3/3 + 755*o + 1. Calculate p(6).
-12
Let l = 2599 + -2602. Let z(a) = 5*a + 9. What is z(l)?
-6
Let k(m) = 11*m + 118. Suppose 21*s + 2*v = 26*s + 64, -s - 31 = -3*v. Give k(s).
8
Let n(s) = s + 3. Let r(f) be the third derivative of -3*f**4/8 - 4*f**3/3 - 12*f**2. Let j be r(-5). Let k = 33 - j. What is n(k)?
-1
Let h(o) = 6*o**2 + 8*o - 5. Suppose -8*s + 2 = -7*s. Suppose 0 = 5*x - s*x - 15. Let t(u) = u**2 + u - 1. Let b(v) = x*t(v) - h(v). What is b(-4)?
-4
Let b = 56 + -61. Let d(k) = -3*k - 13. Let c be d(b). Suppose 12 = c*t - 8. Let p(v) = -2*v + 6. Calculate p(t).
-14
Let l(f) = -9*f**3 - f**2 - f. Let a be (16/(-88) + 75/(-11))*-1. Suppose -a*p + 2 = -40. Let h be (10 - 5 - p)*(-1)/(-1). Calculate l(h).
9
Let s(v) = -5*v**2 + 3*v - 3. Let n be (-2 - 10/(-6))*(-18)/2. Let u be (-22)/8 + n + 14/8. What is s(u)?
-17
Let f(l) = -l**3 + l - 3. Let z be f(0). Let y(p) be the third derivative of -5*p**4/24 - p**3 - 10*p**2 - 4518. Give y(z).
9
Let l(q) = -8*q - 13. Let g(d) = -18*d - 27. Let u(a) = -3*g(a) + 7*l(a). Let t(o) = o**3 + 7*o - 9. Let x be t(0). Calculate u(x).
8
Let q(j) = 6*j + 66. Let h be q(-11). Suppose h = -2*a - 2*c - 8, 0 = a - 4*a + 2*c + 13. Let w(f) = 20*f + 1. Calculate w(a).
21
Let s be ((-2)/(-1))/((-6)/9). Let z(q) be the second derivative of -1/3*q**3 - 1/12*q**4 + 3/2*q**2 - 6*q + 4. What is z(s)?
0
Let f(x) be the first derivative of -x**6/360 + 3*x**5/40 + 3*x**4/8 - 46*x**3/3 + 113. Let h(v) be the third derivative of f(v). Calculate h(10).
-1
Let k(q) be the third derivative of 1/6*q**3 + 0 - 135*q**2 + 1/24*q**4 - 1/20*q**5 + 0*q. Let o(g) = g**2 + 5*g - 1. Let c be o(-5). Give k(c).
-3
Let q(i) = i**2 - i**3 - 2*i - 1 + 6*i**2 + 2*i + i. Let x(n) = 2*n**2 - 125*n + 1219. Let z be x(12). What is q(z)?
6
Let k be (8 + -13)*44/55. Let h(j) = 11*j**2 - 13 - 5*j + 3*j**2 - 18*j. Let n(u) = 5*u**2 - 8*u - 4. Let l(t) = k*h(t) + 11*n(t). Determine l(6).
-4
Let x(g) = 9 - 1 - g + 19. Determine x(-20).
47
Let b(r) = r**3 + 21*r**2 + 20*r + 5. Let t(q) = 21*q + 1. Let j be t(-1). Let o be b(j). Let m(u) = u - 4. What is m(o)?
1
Suppose -7*z + 11*z - 8 = 0. Let q(o) = 5132*o - o**z + 2*o**3 + 2 - 5134*o - o**2. Determine q(2).
6
Let m(a) = -a**2 + 10*a - 9. Let t be 10*6/480*4 - 2/(-4). What is m(t)?
0
Let s(y) = 2*y + 7. Let h(a) = 2*a + 21. Suppose i + 6 = -r, -i + 0*i = -2*r + 18. Let v be h(i). Let c(q) = -1. Let w(z) = v*s(z) - 2*c(z). What is w(-6)?
-3
Let z(u) = 9*u - 12. Let n(y) = 15*y - 21. Let f(m) = -5*n(m) + 8*z(m). Calculate f(4).
-3
Suppose 2*u = -3*z - 2 + 48, u = 2*z + 16. Suppose 3*y + 5*f + u = 0, -7*y + 10*y + 16 = -4*f. Let g(d) = d**2 - 24. Determine g(y).
-24
Let g(p) be the first derivative of -p**3/6 - 7*p - 61. Let n(x) be the first derivative of g(x). Calculate n(2).
-2
Let v = -356 - -364. Suppose 53*c - 51*c = -v. Let z(n) = n**3 + 4*n**2 - 2*n. Determine z(c).
8
Let c(z) = 2*z**3 + 31*z**2 + 5*z - 61. Let g(w) = w**3 + 16*w**2 - 28. Let y(r) = -4*c(r) + 9*g(r). Calculate y(-21).
-29
Let z(x) = x**3 - 5*x**2 - 8*x + 4. Let p(w) = 7*w**3 - 2*w**2 + 1. Let u = 253 + -252. Let s be p(u). Give z(s).
-8
Let h(p) = 24*p + 1. Let m = -47 + 56. Let l be 24/m + (-165)/99. What is h(l)?
25
Let f(s) = -11*s**2 + 108*s - 4. Let g(a) = 35*a**2 - 341*a + 13. Let b(j) = -19*f(j) - 6*g(j). Calculate b(-5).
3
Let n be (-32)/56*7*(5 - 4). Let q(l) be the second derivative of 0 + 3*l**2 + 1/3*l**3 - 10*l. Determine q(n).
-2
Let u(f) = 3*f**2 + 55*f - 2. Suppose 5*s + 65*r + 83 = 66*r, -s - 32 = 2*r. What is u(s)?
-20
Suppose -4*w + 20 = 4*z, -2*z + 17*w = 14*w - 30. Let b(d) = 2*d**3 - 19*d**2 + 2*d - 8. Determine b(z).
-71
Suppose -5*g + 5 = 0, 4*h - g = 3*g. Let z be (2/(-6))/(h/(-12)). Suppose -2*s = 2*r, r + z*s = -s. Let j(l) = l**2 + l. Calculate j(r).
0
Let x(y) = -y**3 - 6*y**2 - 7*y + 1. Suppose 2*z = -2*a - 6, -12*a + 14*a = 5*z - 13. Calculate x(a).
-3
Let c(f) = -f**3 - 6*f**2 + 2*f - 7. Suppose -5*t + 6*t = 2. Let g be 8/(-72) - t/(-18). Suppose -12*w + 17*w + 30 = g. Give c(w).
-19
Let g = 0 + 14. Suppose 5*k = -2*k + 